{"id":12748,"date":"2025-12-17T08:36:37","date_gmt":"2025-12-17T08:36:37","guid":{"rendered":"https:\/\/pittypalattykonyha.hu\/?post_type=product&#038;p=12748"},"modified":"2025-12-29T13:55:08","modified_gmt":"2025-12-29T13:55:08","slug":"sult-oldalas-tal-4-szemelyes","status":"publish","type":"product","link":"https:\/\/pittypalattykonyha.hu\/?product=sult-oldalas-tal-4-szemelyes","title":{"rendered":"S\u00fclt oldalas t\u00e1l 4 szem\u00e9lyes"},"content":{"rendered":"<p><strong><span style=\"color: #808000;\">S\u00fclt oldalas t\u00e1l 4 szem\u00e9lyes<\/span><\/strong><\/p>\n<p style=\"text-align: left;\"><span style=\"color: #808000;\">Hagyom\u00e1nyos m\u00f3don k\u00e8sz\u00fclt, magyaros \u00e9tel azok sz\u00e1m\u00e1ra, akik szeretik a k\u00edv\u00fcl ropog\u00f3s bel\u00fcl oml\u00f3s, szaftos falatokat.<\/span><\/p>\n<p style=\"text-align: left;\"><span style=\"color: #808000;\">A 16 db s\u00fclt oldalas mell\u00e9 has\u00e1bburgony\u00e1t \u00e9s lilahagym\u00e1t t\u00e1lalunk.<\/span><\/p>\n<p><span style=\"color: #808000;\">Term\u00e9szetesen plusz k\u00f6ret is rendelhet\u0151 a t\u00e1lhoz, tekintse meg tov\u00e1bbi k\u00edn\u00e1latunkat.<\/span><\/p>\n<p style=\"text-align: left;\"><span style=\"color: #808000;\">Allerg\u00e8nek: 8), 9), 10)<\/span><\/p>\n<p>&nbsp;<\/p>\n","protected":false},"excerpt":{"rendered":"<p>S\u00fclt oldalas t\u00e1l 4 szem\u00e9lyes Hagyom\u00e1nyos m\u00f3don k\u00e8sz\u00fclt, magyaros \u00e9tel azok sz\u00e1m\u00e1ra, akik szeretik a k\u00edv\u00fcl ropog\u00f3s bel\u00fcl oml\u00f3s, szaftos falatokat. A 16 db s\u00fclt oldalas mell\u00e9 has\u00e1bburgony\u00e1t \u00e9s lilahagym\u00e1t t\u00e1lalunk. Term\u00e9szetesen plusz k\u00f6ret is rendelhet\u0151 a t\u00e1lhoz, tekintse meg tov\u00e1bbi k\u00edn\u00e1latunkat. Allerg\u00e8nek: 8), 9), 10) &nbsp;<\/p>\n","protected":false},"featured_media":12749,"template":"","meta":[],"product_brand":[],"product_cat":[56],"product_tag":[],"class_list":{"0":"post-12748","1":"product","2":"type-product","3":"status-publish","4":"has-post-thumbnail","6":"product_cat-sultes-talak-rendelesre-kecskemeten-a-pitty-palatty-konyhatol","8":"first","9":"instock","10":"shipping-taxable","11":"purchasable","12":"product-type-simple"},"jetpack_sharing_enabled":true,"_links":{"self":[{"href":"https:\/\/pittypalattykonyha.hu\/index.php?rest_route=\/wp\/v2\/product\/12748","targetHints":{"allow":["GET"]}}],"collection":[{"href":"https:\/\/pittypalattykonyha.hu\/index.php?rest_route=\/wp\/v2\/product"}],"about":[{"href":"https:\/\/pittypalattykonyha.hu\/index.php?rest_route=\/wp\/v2\/types\/product"}],"wp:featuredmedia":[{"embeddable":true,"href":"https:\/\/pittypalattykonyha.hu\/index.php?rest_route=\/wp\/v2\/media\/12749"}],"wp:attachment":[{"href":"https:\/\/pittypalattykonyha.hu\/index.php?rest_route=%2Fwp%2Fv2%2Fmedia&parent=12748"}],"wp:term":[{"taxonomy":"product_brand","embeddable":true,"href":"https:\/\/pittypalattykonyha.hu\/index.php?rest_route=%2Fwp%2Fv2%2Fproduct_brand&post=12748"},{"taxonomy":"product_cat","embeddable":true,"href":"https:\/\/pittypalattykonyha.hu\/index.php?rest_route=%2Fwp%2Fv2%2Fproduct_cat&post=12748"},{"taxonomy":"product_tag","embeddable":true,"href":"https:\/\/pittypalattykonyha.hu\/index.php?rest_route=%2Fwp%2Fv2%2Fproduct_tag&post=12748"}],"curies":[{"name":"wp","href":"https:\/\/api.w.org\/{rel}","templated":true}]}}