{"id":12578,"date":"2025-10-16T14:57:20","date_gmt":"2025-10-16T14:57:20","guid":{"rendered":"https:\/\/pittypalattykonyha.hu\/?post_type=product&#038;p=12578"},"modified":"2025-11-22T18:24:43","modified_gmt":"2025-11-22T18:24:43","slug":"kukoricasalata","status":"publish","type":"product","link":"https:\/\/pittypalattykonyha.hu\/?product=kukoricasalata","title":{"rendered":"Kukoricasal\u00e1ta 2 szem\u00e9lyes"},"content":{"rendered":"<p><span style=\"color: #808000;\"><strong>Kukoricasal\u00e1ta 2 szem\u00e9lyes<\/strong><\/span><\/p>\n<p>Finom, k\u00f6nny\u0171 k\u00f6ret majon\u00e8zzel, mely minden s\u00fcltes t\u00e1l harm\u00f3nikus kieg\u00e9sz\u00edt\u0151je.<\/p>\n<p>1 adag kb 50 dkg.<\/p>\n<p>Allerg\u00e8nek: 2), 3), 10)<\/p>\n","protected":false},"excerpt":{"rendered":"<p>Kukoricasal\u00e1ta 2 szem\u00e9lyes Finom, k\u00f6nny\u0171 k\u00f6ret majon\u00e8zzel, mely minden s\u00fcltes t\u00e1l harm\u00f3nikus kieg\u00e9sz\u00edt\u0151je. 1 adag kb 50 dkg. Allerg\u00e8nek: 2), 3), 10)<\/p>\n","protected":false},"featured_media":12705,"template":"","meta":[],"product_brand":[],"product_cat":[57],"product_tag":[],"class_list":{"0":"post-12578","1":"product","2":"type-product","3":"status-publish","4":"has-post-thumbnail","6":"product_cat-koretek","8":"first","9":"instock","10":"shipping-taxable","11":"purchasable","12":"product-type-simple"},"jetpack_sharing_enabled":true,"_links":{"self":[{"href":"https:\/\/pittypalattykonyha.hu\/index.php?rest_route=\/wp\/v2\/product\/12578","targetHints":{"allow":["GET"]}}],"collection":[{"href":"https:\/\/pittypalattykonyha.hu\/index.php?rest_route=\/wp\/v2\/product"}],"about":[{"href":"https:\/\/pittypalattykonyha.hu\/index.php?rest_route=\/wp\/v2\/types\/product"}],"wp:featuredmedia":[{"embeddable":true,"href":"https:\/\/pittypalattykonyha.hu\/index.php?rest_route=\/wp\/v2\/media\/12705"}],"wp:attachment":[{"href":"https:\/\/pittypalattykonyha.hu\/index.php?rest_route=%2Fwp%2Fv2%2Fmedia&parent=12578"}],"wp:term":[{"taxonomy":"product_brand","embeddable":true,"href":"https:\/\/pittypalattykonyha.hu\/index.php?rest_route=%2Fwp%2Fv2%2Fproduct_brand&post=12578"},{"taxonomy":"product_cat","embeddable":true,"href":"https:\/\/pittypalattykonyha.hu\/index.php?rest_route=%2Fwp%2Fv2%2Fproduct_cat&post=12578"},{"taxonomy":"product_tag","embeddable":true,"href":"https:\/\/pittypalattykonyha.hu\/index.php?rest_route=%2Fwp%2Fv2%2Fproduct_tag&post=12578"}],"curies":[{"name":"wp","href":"https:\/\/api.w.org\/{rel}","templated":true}]}}