{"id":12424,"date":"2025-09-05T06:54:47","date_gmt":"2025-09-05T06:54:47","guid":{"rendered":"https:\/\/pittypalattykonyha.hu\/?post_type=product&#038;p=12424"},"modified":"2025-11-22T18:26:40","modified_gmt":"2025-11-22T18:26:40","slug":"koretek-burgonya-krokett","status":"publish","type":"product","link":"https:\/\/pittypalattykonyha.hu\/?product=koretek-burgonya-krokett","title":{"rendered":"Burgonya krokett 2 szem\u00e9lyes"},"content":{"rendered":"<p><span style=\"color: #808000;\"><strong>Burgonya krokett 2 szem\u00e9lyes<\/strong><\/span><\/p>\n<p>A Pitty-Palatty t\u00e1l legjobb bar\u00e1tja!<\/p>\n<p>K\u00edv\u00fcl ropog\u00f3s bel\u00fcl puha burgonya krokett, minden falathoz j\u00f3l illik, laktat\u00f3 v\u00e1laszt\u00e1s.<\/p>\n<p>1 adag kb 50 dkg<\/p>\n<p>Allerg\u00e8nek: 1), 2), 3), 8), 10)<\/p>\n","protected":false},"excerpt":{"rendered":"<p>Burgonya krokett 2 szem\u00e9lyes A Pitty-Palatty t\u00e1l legjobb bar\u00e1tja! K\u00edv\u00fcl ropog\u00f3s bel\u00fcl puha burgonya krokett, minden falathoz j\u00f3l illik, laktat\u00f3 v\u00e1laszt\u00e1s. 1 adag kb 50 dkg Allerg\u00e8nek: 1), 2), 3), 8), 10)<\/p>\n","protected":false},"featured_media":12576,"template":"","meta":[],"product_brand":[],"product_cat":[57],"product_tag":[],"class_list":{"0":"post-12424","1":"product","2":"type-product","3":"status-publish","4":"has-post-thumbnail","6":"product_cat-koretek","8":"first","9":"instock","10":"shipping-taxable","11":"purchasable","12":"product-type-simple"},"jetpack_sharing_enabled":true,"_links":{"self":[{"href":"https:\/\/pittypalattykonyha.hu\/index.php?rest_route=\/wp\/v2\/product\/12424","targetHints":{"allow":["GET"]}}],"collection":[{"href":"https:\/\/pittypalattykonyha.hu\/index.php?rest_route=\/wp\/v2\/product"}],"about":[{"href":"https:\/\/pittypalattykonyha.hu\/index.php?rest_route=\/wp\/v2\/types\/product"}],"wp:featuredmedia":[{"embeddable":true,"href":"https:\/\/pittypalattykonyha.hu\/index.php?rest_route=\/wp\/v2\/media\/12576"}],"wp:attachment":[{"href":"https:\/\/pittypalattykonyha.hu\/index.php?rest_route=%2Fwp%2Fv2%2Fmedia&parent=12424"}],"wp:term":[{"taxonomy":"product_brand","embeddable":true,"href":"https:\/\/pittypalattykonyha.hu\/index.php?rest_route=%2Fwp%2Fv2%2Fproduct_brand&post=12424"},{"taxonomy":"product_cat","embeddable":true,"href":"https:\/\/pittypalattykonyha.hu\/index.php?rest_route=%2Fwp%2Fv2%2Fproduct_cat&post=12424"},{"taxonomy":"product_tag","embeddable":true,"href":"https:\/\/pittypalattykonyha.hu\/index.php?rest_route=%2Fwp%2Fv2%2Fproduct_tag&post=12424"}],"curies":[{"name":"wp","href":"https:\/\/api.w.org\/{rel}","templated":true}]}}