{"id":12613,"date":"2025-10-28T05:51:01","date_gmt":"2025-10-28T05:51:01","guid":{"rendered":"https:\/\/pittypalattykonyha.hu\/?page_id=12613"},"modified":"2025-10-28T05:51:01","modified_gmt":"2025-10-28T05:51:01","slug":"kosar","status":"publish","type":"page","link":"https:\/\/pittypalattykonyha.hu\/?page_id=12613","title":{"rendered":"Kos\u00e1r"},"content":{"rendered":"\n<div data-block-name=\"woocommerce\/cart\" class=\"wp-block-woocommerce-cart alignwide is-loading\">\n<div data-block-name=\"woocommerce\/filled-cart-block\" class=\"wp-block-woocommerce-filled-cart-block\">\n<div data-block-name=\"woocommerce\/cart-items-block\" class=\"wp-block-woocommerce-cart-items-block\">\n<div data-block-name=\"woocommerce\/cart-line-items-block\" class=\"wp-block-woocommerce-cart-line-items-block\"><\/div>\n\n\n<\/div>\n\n\n\n\n<div data-block-name=\"woocommerce\/cart-totals-block\" class=\"wp-block-woocommerce-cart-totals-block\">\n<div data-block-name=\"woocommerce\/cart-order-summary-block\" class=\"wp-block-woocommerce-cart-order-summary-block\">\n<div data-block-name=\"woocommerce\/cart-order-summary-heading-block\" class=\"wp-block-woocommerce-cart-order-summary-heading-block\"><\/div><div data-block-name=\"woocommerce\/cart-order-summary-coupon-form-block\" class=\"wp-block-woocommerce-cart-order-summary-coupon-form-block\"><\/div><div data-block-name=\"woocommerce\/cart-order-summary-totals-block\" class=\"wp-block-woocommerce-cart-order-summary-totals-block\">\n<div data-block-name=\"woocommerce\/cart-order-summary-subtotal-block\" class=\"wp-block-woocommerce-cart-order-summary-subtotal-block\"><\/div>\n<div data-block-name=\"woocommerce\/cart-order-summary-discount-block\" class=\"wp-block-woocommerce-cart-order-summary-discount-block\"><\/div>\n<div data-block-name=\"woocommerce\/cart-order-summary-fee-block\" class=\"wp-block-woocommerce-cart-order-summary-fee-block\"><\/div>\n<div data-block-name=\"woocommerce\/cart-order-summary-shipping-block\" class=\"wp-block-woocommerce-cart-order-summary-shipping-block\"><\/div>\n<div data-block-name=\"woocommerce\/cart-order-summary-taxes-block\" class=\"wp-block-woocommerce-cart-order-summary-taxes-block\"><\/div><\/div>\n<\/div>\n\n\n\n<div data-block-name=\"woocommerce\/cart-express-payment-block\" class=\"wp-block-woocommerce-cart-express-payment-block\"><\/div>\n\n\n\n<div data-block-name=\"woocommerce\/proceed-to-checkout-block\" class=\"wp-block-woocommerce-proceed-to-checkout-block\"><\/div>\n\n\n\n<div data-block-name=\"woocommerce\/cart-accepted-payment-methods-block\" class=\"wp-block-woocommerce-cart-accepted-payment-methods-block\"><\/div>\n<\/div>\n<\/div>\n\n\n\n<div data-block-name=\"woocommerce\/empty-cart-block\" class=\"wp-block-woocommerce-empty-cart-block\">\n<h2 class=\"wp-block-heading has-text-align-center with-empty-cart-icon wc-block-cart__empty-cart__title\">Jelenleg \u00fcres a kosarad.<\/h2>\n\n\n\n<hr class=\"wp-block-separator has-alpha-channel-opacity is-style-dots\"\/>\n\n\n\n<h2 class=\"wp-block-heading has-text-align-center\">\u00dajdons\u00e1gok<\/h2>\n\n\n<div data-block-name=\"woocommerce\/product-new\" data-columns=\"4\" data-rows=\"1\" class=\"wc-block-grid wp-block-product-new wp-block-woocommerce-product-new wc-block-product-new has-4-columns\"><ul class=\"wc-block-grid__products\"><li class=\"wc-block-grid__product\">\n\t\t\t\t<a href=\"https:\/\/pittypalattykonyha.hu\/?product=sonkas-hagymas-sajtos-pizza-tejfolos-alappal-28-cm\" class=\"wc-block-grid__product-link\">\n\t\t\t\t\t\n\t\t\t\t\t<div class=\"wc-block-grid__product-image\"><img decoding=\"async\" width=\"200\" height=\"200\" src=\"https:\/\/pittypalattykonyha.hu\/wp-content\/uploads\/woocommerce-placeholder.webp\" class=\"woocommerce-placeholder wp-post-image\" alt=\"\" srcset=\"https:\/\/pittypalattykonyha.hu\/wp-content\/uploads\/woocommerce-placeholder.webp 1200w, https:\/\/pittypalattykonyha.hu\/wp-content\/uploads\/woocommerce-placeholder-400x400.webp 400w, https:\/\/pittypalattykonyha.hu\/wp-content\/uploads\/woocommerce-placeholder-1024x1024.webp 1024w, https:\/\/pittypalattykonyha.hu\/wp-content\/uploads\/woocommerce-placeholder-300x300.webp 300w, https:\/\/pittypalattykonyha.hu\/wp-content\/uploads\/woocommerce-placeholder-768x768.webp 768w, https:\/\/pittypalattykonyha.hu\/wp-content\/uploads\/woocommerce-placeholder-1140x1140.webp 1140w, https:\/\/pittypalattykonyha.hu\/wp-content\/uploads\/woocommerce-placeholder-75x75.webp 75w\" sizes=\"(max-width: 200px) 100vw, 200px\" \/><\/div>\n\t\t\t\t\t<div class=\"wc-block-grid__product-title\">Sonk\u00e1s hagym\u00e1s sajtos pizza tejf\u00f6l\u00f6s alappal (28 cm)<\/div>\n\t\t\t\t<\/a>\n\t\t\t\t<div class=\"wc-block-grid__product-price price\"><span class=\"woocommerce-Price-amount amount\">3 .000&nbsp;<span class=\"woocommerce-Price-currencySymbol\">&#070;&#116;<\/span><\/span><\/div>\n\t\t\t\t\n\t\t\t\t<div class=\"wp-block-button wc-block-grid__product-add-to-cart\"><a href=\"\/index.php?rest_route=%2Fwp%2Fv2%2Fpages%2F12613&#038;add-to-cart=12784\" aria-label=\"Kos\u00e1rba: &ldquo;Sonk\u00e1s hagym\u00e1s sajtos pizza tejf\u00f6l\u00f6s alappal (28 cm)&rdquo;\" data-quantity=\"1\" data-product_id=\"12784\" data-product_sku=\"\" data-price=\"3000\" rel=\"nofollow\" class=\"wp-block-button__link  add_to_cart_button ajax_add_to_cart\">Kos\u00e1rba teszem<\/a><\/div>\n\t\t\t<\/li><li class=\"wc-block-grid__product\">\n\t\t\t\t<a href=\"https:\/\/pittypalattykonyha.hu\/?product=pitty-palatty-kolbaszos-pizza-28-cm\" class=\"wc-block-grid__product-link\">\n\t\t\t\t\t\n\t\t\t\t\t<div class=\"wc-block-grid__product-image\"><img decoding=\"async\" width=\"200\" height=\"200\" src=\"https:\/\/pittypalattykonyha.hu\/wp-content\/uploads\/IMG_20260105_052522-200x200.jpg\" class=\"attachment-woocommerce_thumbnail size-woocommerce_thumbnail\" alt=\"Pitty-Palatty kolb\u00e1szh\u00fasos pizza (28 cm)\" srcset=\"https:\/\/pittypalattykonyha.hu\/wp-content\/uploads\/IMG_20260105_052522-200x200.jpg 200w, https:\/\/pittypalattykonyha.hu\/wp-content\/uploads\/IMG_20260105_052522-300x300.jpg 300w, https:\/\/pittypalattykonyha.hu\/wp-content\/uploads\/IMG_20260105_052522-75x75.jpg 75w, https:\/\/pittypalattykonyha.hu\/wp-content\/uploads\/IMG_20260105_052522-100x100.jpg 100w\" sizes=\"(max-width: 200px) 100vw, 200px\" \/><\/div>\n\t\t\t\t\t<div class=\"wc-block-grid__product-title\">Pitty-Palatty kolb\u00e1szh\u00fasos pizza (28 cm)<\/div>\n\t\t\t\t<\/a>\n\t\t\t\t<div class=\"wc-block-grid__product-price price\"><span class=\"woocommerce-Price-amount amount\">3 .500&nbsp;<span class=\"woocommerce-Price-currencySymbol\">&#070;&#116;<\/span><\/span><\/div>\n\t\t\t\t\n\t\t\t\t<div class=\"wp-block-button wc-block-grid__product-add-to-cart\"><a href=\"\/index.php?rest_route=%2Fwp%2Fv2%2Fpages%2F12613&#038;add-to-cart=12783\" aria-label=\"Kos\u00e1rba: &ldquo;Pitty-Palatty kolb\u00e1szh\u00fasos pizza (28 cm)&rdquo;\" data-quantity=\"1\" data-product_id=\"12783\" data-product_sku=\"\" data-price=\"3500\" rel=\"nofollow\" class=\"wp-block-button__link  add_to_cart_button ajax_add_to_cart\">Kos\u00e1rba teszem<\/a><\/div>\n\t\t\t<\/li><li class=\"wc-block-grid__product\">\n\t\t\t\t<a href=\"https:\/\/pittypalattykonyha.hu\/?product=pitty-palatty-tarjas-pizza-28-cm\" class=\"wc-block-grid__product-link\">\n\t\t\t\t\t\n\t\t\t\t\t<div class=\"wc-block-grid__product-image\"><img decoding=\"async\" width=\"200\" height=\"200\" src=\"https:\/\/pittypalattykonyha.hu\/wp-content\/uploads\/IMG_20260102_152905-200x200.jpg\" class=\"attachment-woocommerce_thumbnail size-woocommerce_thumbnail\" alt=\"Pitty-Palatty tarj\u00e1s pizza (28 cm)\" srcset=\"https:\/\/pittypalattykonyha.hu\/wp-content\/uploads\/IMG_20260102_152905-200x200.jpg 200w, https:\/\/pittypalattykonyha.hu\/wp-content\/uploads\/IMG_20260102_152905-300x300.jpg 300w, https:\/\/pittypalattykonyha.hu\/wp-content\/uploads\/IMG_20260102_152905-75x75.jpg 75w, https:\/\/pittypalattykonyha.hu\/wp-content\/uploads\/IMG_20260102_152905-100x100.jpg 100w\" sizes=\"(max-width: 200px) 100vw, 200px\" \/><\/div>\n\t\t\t\t\t<div class=\"wc-block-grid__product-title\">Pitty-Palatty tarj\u00e1s pizza (28 cm)<\/div>\n\t\t\t\t<\/a>\n\t\t\t\t<div class=\"wc-block-grid__product-price price\"><span class=\"woocommerce-Price-amount amount\">3 .500&nbsp;<span class=\"woocommerce-Price-currencySymbol\">&#070;&#116;<\/span><\/span><\/div>\n\t\t\t\t\n\t\t\t\t<div class=\"wp-block-button wc-block-grid__product-add-to-cart\"><a href=\"\/index.php?rest_route=%2Fwp%2Fv2%2Fpages%2F12613&#038;add-to-cart=12782\" aria-label=\"Kos\u00e1rba: &ldquo;Pitty-Palatty tarj\u00e1s pizza (28 cm)&rdquo;\" data-quantity=\"1\" data-product_id=\"12782\" data-product_sku=\"\" data-price=\"3500\" rel=\"nofollow\" class=\"wp-block-button__link  add_to_cart_button ajax_add_to_cart\">Kos\u00e1rba teszem<\/a><\/div>\n\t\t\t<\/li><li class=\"wc-block-grid__product\">\n\t\t\t\t<a href=\"https:\/\/pittypalattykonyha.hu\/?product=unnepi-pitty-palatty-tal-4-szemelyes\" class=\"wc-block-grid__product-link\">\n\t\t\t\t\t\n\t\t\t\t\t<div class=\"wc-block-grid__product-image\"><img loading=\"lazy\" decoding=\"async\" width=\"200\" height=\"200\" src=\"https:\/\/pittypalattykonyha.hu\/wp-content\/uploads\/IMG_20251224_121821-200x200.jpg\" class=\"attachment-woocommerce_thumbnail size-woocommerce_thumbnail\" alt=\"\u00dcnnepi Pitty-Palatty t\u00e1l 4 szem\u00e9lyes\" srcset=\"https:\/\/pittypalattykonyha.hu\/wp-content\/uploads\/IMG_20251224_121821-200x200.jpg 200w, https:\/\/pittypalattykonyha.hu\/wp-content\/uploads\/IMG_20251224_121821-300x300.jpg 300w, https:\/\/pittypalattykonyha.hu\/wp-content\/uploads\/IMG_20251224_121821-75x75.jpg 75w, https:\/\/pittypalattykonyha.hu\/wp-content\/uploads\/IMG_20251224_121821-100x100.jpg 100w\" sizes=\"(max-width: 200px) 100vw, 200px\" \/><\/div>\n\t\t\t\t\t<div class=\"wc-block-grid__product-title\">\u00dcnnepi Pitty-Palatty t\u00e1l 4 szem\u00e9lyes<\/div>\n\t\t\t\t<\/a>\n\t\t\t\t<div class=\"wc-block-grid__product-price price\"><span class=\"woocommerce-Price-amount amount\">16 .000&nbsp;<span class=\"woocommerce-Price-currencySymbol\">&#070;&#116;<\/span><\/span><\/div>\n\t\t\t\t\n\t\t\t\t<div class=\"wp-block-button wc-block-grid__product-add-to-cart\"><a href=\"\/index.php?rest_route=%2Fwp%2Fv2%2Fpages%2F12613&#038;add-to-cart=12776\" aria-label=\"Kos\u00e1rba: &ldquo;\u00dcnnepi Pitty-Palatty t\u00e1l 4 szem\u00e9lyes&rdquo;\" data-quantity=\"1\" data-product_id=\"12776\" data-product_sku=\"\" data-price=\"16000\" rel=\"nofollow\" class=\"wp-block-button__link  add_to_cart_button ajax_add_to_cart\">Kos\u00e1rba teszem<\/a><\/div>\n\t\t\t<\/li><\/ul><\/div><\/div>\n<\/div>\n","protected":false},"excerpt":{"rendered":"","protected":false},"author":1,"featured_media":0,"parent":0,"menu_order":0,"comment_status":"closed","ping_status":"closed","template":"","meta":{"footnotes":""},"class_list":["post-12613","page","type-page","status-publish","hentry"],"jetpack_sharing_enabled":true,"_links":{"self":[{"href":"https:\/\/pittypalattykonyha.hu\/index.php?rest_route=\/wp\/v2\/pages\/12613","targetHints":{"allow":["GET"]}}],"collection":[{"href":"https:\/\/pittypalattykonyha.hu\/index.php?rest_route=\/wp\/v2\/pages"}],"about":[{"href":"https:\/\/pittypalattykonyha.hu\/index.php?rest_route=\/wp\/v2\/types\/page"}],"author":[{"embeddable":true,"href":"https:\/\/pittypalattykonyha.hu\/index.php?rest_route=\/wp\/v2\/users\/1"}],"replies":[{"embeddable":true,"href":"https:\/\/pittypalattykonyha.hu\/index.php?rest_route=%2Fwp%2Fv2%2Fcomments&post=12613"}],"version-history":[{"count":0,"href":"https:\/\/pittypalattykonyha.hu\/index.php?rest_route=\/wp\/v2\/pages\/12613\/revisions"}],"wp:attachment":[{"href":"https:\/\/pittypalattykonyha.hu\/index.php?rest_route=%2Fwp%2Fv2%2Fmedia&parent=12613"}],"curies":[{"name":"wp","href":"https:\/\/api.w.org\/{rel}","templated":true}]}}